{"id":4864,"date":"2024-01-02T21:49:59","date_gmt":"2024-01-02T21:49:59","guid":{"rendered":"https:\/\/melegotelecom.com.br\/site\/produto\/plano-200-mega-promo-2-copy\/"},"modified":"2024-06-05T12:01:28","modified_gmt":"2024-06-05T12:01:28","slug":"plano-200-mega-lpnet-2024","status":"publish","type":"product","link":"https:\/\/melegotelecom.com.br\/site\/produto\/plano-200-mega-lpnet-2024\/","title":{"rendered":"Assine 200 mega Promo por 3 meses + Wifi Top"},"content":{"rendered":"<p>por 3 meses ap\u00f3s o valor ser\u00e1 de R$ 89,99<\/p>\n<p>Download 200 Mbps<\/p>\n<p>Upload 100 Mbps<\/p>\n<p>Instala\u00e7\u00e3o Gr\u00e1tis<\/p>\n<p>Wi-Fi Gr\u00e1tis<\/p>\n","protected":false},"excerpt":{"rendered":"<p>por 3 meses ap\u00f3s o valor ser\u00e1 de R$ 89,99 Download 200 Mbps Upload 100 Mbps Instala\u00e7\u00e3o Gr\u00e1tis Wi-Fi Gr\u00e1tis<\/p>\n","protected":false},"featured_media":4865,"comment_status":"open","ping_status":"closed","template":"","meta":{"_et_pb_use_builder":"","_et_pb_old_content":"","_et_gb_content_width":""},"product_cat":[200,201],"product_tag":[],"_links":{"self":[{"href":"https:\/\/melegotelecom.com.br\/site\/wp-json\/wp\/v2\/product\/4864"}],"collection":[{"href":"https:\/\/melegotelecom.com.br\/site\/wp-json\/wp\/v2\/product"}],"about":[{"href":"https:\/\/melegotelecom.com.br\/site\/wp-json\/wp\/v2\/types\/product"}],"replies":[{"embeddable":true,"href":"https:\/\/melegotelecom.com.br\/site\/wp-json\/wp\/v2\/comments?post=4864"}],"wp:featuredmedia":[{"embeddable":true,"href":"https:\/\/melegotelecom.com.br\/site\/wp-json\/wp\/v2\/media\/4865"}],"wp:attachment":[{"href":"https:\/\/melegotelecom.com.br\/site\/wp-json\/wp\/v2\/media?parent=4864"}],"wp:term":[{"taxonomy":"product_cat","embeddable":true,"href":"https:\/\/melegotelecom.com.br\/site\/wp-json\/wp\/v2\/product_cat?post=4864"},{"taxonomy":"product_tag","embeddable":true,"href":"https:\/\/melegotelecom.com.br\/site\/wp-json\/wp\/v2\/product_tag?post=4864"}],"curies":[{"name":"wp","href":"https:\/\/api.w.org\/{rel}","templated":true}]}}